pose 1856230 = 277*z - 2132381 + 878178. What is the units digit of z?
9
Let v(y) = -y**3 + 2*y + 7. Let d be v(-5). Let u = d + 281. What is the hundreds digit of u?
4
What is the tens digit of (559798/186)/(28/9 - 3)?
8
Let s(p) be the second derivative of 21*p**3/2 + 115*p**2/2 - p + 52. What is the tens digit of s(6)?
9
Let y(t) = 16*t - 2. Let r be y(2). Suppose 7*m + 5*v = 4*m + r, -30 = -3*m + 4*v. What is the units digit of m/5*(8 + 0)?
6
Let k(l) = 4*l**2 - 87*l - 209. What is the ten thousands digit of k(-62)?
2
Let s = -24306 - -41558. What is the tens digit of s?
5
Let r(k) = -k + 14. Let n be r(11). Let g(x) = x**2 + 5*x - 19. What is the units digit of g(n)?
5
Let a be ((-126)/(-105))/(3/325). Let p = 138 - a. What is the units digit of p?
8
Let h be 70/(-4)*(84/(-10))/1. Suppose 171 = 4*l + 5*r, 8*l - 4*l - 3*r = h. What is the units digit of l?
9
Suppose -9*s = -3*s - 54. Suppose -3*q - 1860 = s*q. Let g = q - -225. What is the tens digit of g?
7
Let i(f) be the third derivative of f**5/30 - 13*f**4/24 - 2*f**3/3 - 73*f**2. What is the tens digit of i(-7)?
8
Suppose 216*r - 100*r - 181701 = 103*r. What is the thousands digit of r?
3
Suppose -29*q = -39*q + 6800. What is the hundreds digit of q?
6
Let z be (2 - 5)/(153/(-29427)). Let y = 248 - 156. Suppose 5*b + y = z. What is the units digit of b?
7
Suppose -4*h = -4*z + 41392, 2*z - 5*h - 20091 - 596 = 0. What is the hundreds digit of z?
3
Suppose -16*c = 25*c - 0*c - 871045. What is the hundreds digit of c?
2
Suppose 48*g - g = 329. Suppose -8*o = g*o - 600. What is the units digit of o?
0
Suppose 37*q - 151745 + 17842 = 0. What is the hundreds digit of q?
6
Suppose -306*z = -4073158 + 309970. What is the hundreds digit of z?
2
Let g(j) = 31. Let i(x) = -2*x + 2. Let w(z) = -3*g(z) + 24*i(z). What is the tens digit of w(-7)?
9
Let c = -6769 + 12671. What is the thousands digit of c?
5
Suppose -16*v = -12*v - 4912. Let n = -523 + v. What is the hundreds digit of n?
7
Let i = -7 + -14. Let w(u) be the third derivative of -u**6/120 - 23*u**5/60 - 25*u**4/12 + 17*u**3/6 - 857*u**2. What is the units digit of w(i)?
5
Suppose 99 = 16*t - 61. Suppose -t*a = -14*a + 816. What is the tens digit of a?
0
Let q(i) = i**3 + 3*i**2 - 5*i - 4. Let j be q(-4). Suppose 21*z - 24*z = j. Suppose 0 = -z*s - 5*s + 345. What is the tens digit of s?
6
Let b(x) be the first derivative of x**4/4 - 5*x**3/3 + x**2/2 + 8*x + 2. Let m be b(4). Let o(u) = 9*u**2 + 9*u - 4. What is the tens digit of o(m)?
0
Let f(g) = -g**3 + 6*g**2 + 3*g - 2. Let y = 19 - 23. Let w be f(y). Suppose -3*z + 205 = 2*d, 0 = -3*z - d + w + 63. What is the tens digit of z?
7
Suppose 5*v + 2*q + 4 = 0, -3*q = v - 2*v + 6. Suppose v*d = 6*d - 126. What is the tens digit of (238/8 + d/28)*2?
6
Let t = -8 + 25. Let l(r) be the second derivative of -r**3/6 + 25*r**2/2 + 18*r. What is the units digit of l(t)?
8
Suppose 3194 = 5*i - 17416. What is the thousands digit of i/4*340/255?
1
Suppose -6*h - 91 - 89 = 0. Let d = h - -37. Suppose d*q - 231 = 4*q - 5*c, -q - c + 77 = 0. What is the units digit of q?
7
Let r(z) = -3*z - 1. Let v be r(-1). Let k = 1173 - 930. Suppose 3*n = 2*b - 145, 92 = -v*b - 3*n + k. What is the units digit of b?
4
Suppose 86*x + 20169 = 89*x. What is the tens digit of x?
2
Let t(f) be the first derivative of -15/2*f**2 + 12 - 5*f. What is the units digit of t(-3)?
0
Suppose 14*i + 68 = -3*i. Let t be -7 - (-6 - i)*(-3)/(-6). Let r = t - -98. What is the units digit of r?
2
Suppose 1410 = -4*q - 2*d, -q - 4*d = -0*d + 335. Let g = 548 + q. What is the hundreds digit of g?
1
Let t be 25 + -29 + (-945 - -1). Let z be 5 + 5 + t/(-6). Suppose -15*x + 11*x = -z. What is the tens digit of x?
4
Let z = 4400 + -1554. What is the hundreds digit of z?
8
Let i be 4*(-4)/(-104) - (-490664)/52. Suppose m - i = -6*m. What is the units digit of m?
8
Suppose 19*k - 6557 - 22941 = 35577. What is the tens digit of k?
2
What is the thousands digit of (-33)/(-9)*(2/10 + 34536/120)?
1
Let z(l) = 36*l - 17*l - 14*l - 1. Let a be 3*(4 - 4 - -5). What is the tens digit of z(a)?
7
Let b be 1*39 - (5 + -9 + 8). What is the hundreds digit of -3 - 56/(-20) - (-14077)/b?
4
Let o be 196 + (-10)/(25/30*-3). Let w = -3 + o. What is the tens digit of w?
9
Let t = 6281 + -3649. What is the units digit of t?
2
Let i(x) = 130*x - 30. Let t be i(-5). Let s = -479 - t. What is the tens digit of s?
0
Let m(i) = -42*i + 14. Suppose -15*f - w + 15 = -18*f, -2*w = -5*f - 26. What is the units digit of m(f)?
2
Let w = 169 + -100. Let k = -90 + w. Let p = k + 112. What is the tens digit of p?
9
Suppose 0 = -3*d - d - 3*t + 5283, -3*d - 3*t = -3960. Suppose 2*m - d = -447. What is the tens digit of m?
3
Let y = -4706 - -6947. What is the thousands digit of y?
2
Suppose -24*m = -11*m + 1235. Let w = 99 + m. Suppose w*g + 5*d = 7*d + 238, 5*g + 3*d = 281. What is the tens digit of g?
5
Let r = -42 + 47. Let n = r - 1. Suppose 2*g - n*g + 3*q + 223 = 0, 5*q + 337 = 3*g. What is the tens digit of g?
0
Suppose 8*w = 5*w - 15. Let d(i) = -3*i**3 - i**2 + 5*i + 13. What is the tens digit of d(w)?
3
Let v(n) = 690*n**2 + 35*n + 45. What is the units digit of v(8)?
5
Let g = -11323 + 17941. What is the hundreds digit of g?
6
Let c(q) = 641*q - 151. What is the hundreds digit of c(7)?
3
Let o(c) = 51*c + 21. Let b(i) = i. Let y(t) = b(t) + o(t). What is the units digit of y(5)?
1
Suppose 16*k + 0*k = -17*k + 786192. What is the units digit of k?
4
Let i = 33 - 57. What is the units digit of (43/(-4))/(6/i)?
3
Suppose 4*b - 1144 = 2*c + 24, 2*b - 4*c = 584. Let z = b - 21. What is the tens digit of z?
7
Suppose 504*a - 503*a - 5 = 0, -5*a + 12565 = 3*o. What is the units digit of o?
0
Suppose -4*j + 75*y + 105418 = 74*y, 2*j - 2*y = 52700. What is the thousands digit of j?
6
Let r = 27 - -17. Let g(q) = 13*q**2 + 24 + 4 - r*q**3 - 20*q + 43*q**3 + 7*q. What is the units digit of g(12)?
6
Let c(n) be the second derivative of -22*n + n**3 + 1/6*n**4 + 2*n**2 + 0. What is the units digit of c(-9)?
2
Suppose -701*o + 2171626 = -5814867. What is the units digit of o?
3
Let y(b) = -2*b**2 + 7*b + 3. Let i(l) = -3*l**2 + 10*l + 4. Let v(u) = -5*i(u) + 7*y(u). Let a be v(2). What is the units digit of 46*((-52)/(-16) - a)*14?
1
Let j = -699 + 698. Suppose 3*y - 2*y - 20 = 0. What is the units digit of j/4 + (-5)/(y/(-157))?
9
Let p = 174 + -41. Suppose 166*v - 296 = 162*v. Let c = p - v. What is the tens digit of c?
5
Suppose -2*l = 2*r - 248, 4*l - 260 = 2*l + r. Let j = 192 - l. Let z = 80 + j. What is the tens digit of z?
4
Suppose 5330 = 2*v - 4*z - 8356, 2*v + 2*z - 13674 = 0. Suppose -689 = 6*s - v. What is the thousands digit of s?
1
Suppose 0 = 229*q + 1311901 - 4117259 - 3923578. What is the tens digit of q?
8
Let b(o) = -6*o**2 - 17*o - 21. Let x be b(9). Let i = -246 - x. What is the hundreds digit of i?
4
Suppose -5*z = -3*b + 158, -3*z + 162 - 156 = 0. What is the tens digit of b?
5
Let q(o) = 2*o + 2. Let c be q(-1). Let u(b) = b**3 + 2*b**2 + b + 214. What is the hundreds digit of u(c)?
2
Let w(t) be the third derivative of t**4/3 + 7*t**3/3 + 20*t**2. Let j be w(-2). What is the units digit of (1 - 53)*j/8?
3
What is the tens digit of (-31830)/(-40)*-6*2/(-12)*4?
8
Let i be 1/(3/2 + 33132/(-22104)). Let u = i + -246. What is the hundreds digit of u?
6
Let p(k) = 224*k**2 + k - 3. Let m be -8*1/(-2)*3/12. Let i be p(m). Suppose -98 = -4*l + i. What is the tens digit of l?
8
Let y(k) be the third derivative of 115*k**4/24 + 5*k**3/6 - 3*k**2 + 5. What is the tens digit of y(1)?
2
Suppose -4*q - 16 = 0, 5*f - 2*q - 352 = 4936. Suppose -126*t = -132*t + f. What is the units digit of t?
6
Let f(x) = -x**3 + x**2 + 2*x - 3. Let r(g) = -g - 10. Let d be r(-10). Let s be f(d). What is the tens digit of (-1)/s + (-1146)/(-18) + 5?
6
Suppose 0 = 4*n - 3*i - 18527, -4*i + 18781 = 5*n - 4401. What is the units digit of n?
4
Let r be (-11 - -9)*(-210)/(-8)*2. What is the units digit of (-14)/r*935 + 4/(-6)?
4
Let m(o) = -4686*o - 2058. What is the ten thousands digit of m(-7)?
3
Suppose -3*j = 2*c - 17284, 552*j + c = 551*j + 5761. What is the units digit of j?
2
Let u(i) = 5*i**2 + 6*i + 3. Let n = 47 + -50. Let o be u(n). Let w = 54 + o. What is the tens digit o